-8*i + 16 = -6*i. Let m(l) = l**2 - 4*l + 6. Is m(i) a prime number?
False
Let m(o) = 6*o + 3. Let z(j) = 3*j + 2. Let d(f) = -2*m(f) + 5*z(f). Suppose -5*q + 2*l = 5*l - 26, -4*l = 3*q - 9. Is d(q) a composite number?
True
Let d be 2/(0 - -1) + 11. Let n = -12 - -15. Suppose z - d = -n. Is z composite?
True
Suppose -4*g + 25 = g, 0 = 3*i + 4*g - 257. Is i prime?
True
Let i = 153 - 64. Is i composite?
False
Let b(s) = -9*s**3 - 4*s**2 - 13*s - 5. Is b(-9) a composite number?
True
Is (0 - 5/10) + 1295/2 prime?
True
Suppose 5*f = -4*u - 82 + 16821, u - 2*f = 4175. Is u a prime number?
False
Let u be 1*3*-1 - -2. Let t = u + 1. Suppose w = -5*a + 55, a + t*w - 11 = w. Is a composite?
False
Let o(a) = 3*a**2 - 11*a + 11. Let w = -9 - -17. Is o(w) a prime number?
False
Let p(c) = c**3 + 3*c**2 + 6. Let q be p(-5). Let x = -8 - 17. Let a = x - q. Is a a prime number?
True
Suppose 2*x + 5*s + 122 = x, -2*x = 4*s + 256. Let u = 223 + x. Is u a prime number?
False
Suppose 2*j - 4558 = -792. Is j a composite number?
True
Let m = -1 + 3. Suppose 5*v + k = -m*k + 15, k + 9 = 3*v. Suppose -29 = -2*s - v*n, 3*s + s - 2*n = 82. Is s a prime number?
True
Suppose 73 + 457 = 3*q + 2*h, 5*h = -3*q + 515. Let f = q - 121. Is f prime?
True
Let o(s) = 4*s**3 + 9*s**2 + 2*s + 10. Let w(l) = -5*l**3 - 9*l**2 - l - 11. Let i(h) = 4*o(h) + 3*w(h). Is i(-8) prime?
True
Suppose -2*b + 822 = -136. Is b a composite number?
False
Let g(v) = v**3 + 5*v**2 + 3*v + 3. Let x be g(-3). Suppose -5*p = -3*p - 6. Is (-126)/x*(-4)/p a composite number?
True
Let b(p) = -p**3 - 4*p**2 - 3*p. Let m be b(-4). Is -26*(m/8 + -2) a composite number?
False
Let b(v) = 64*v + 7. Is b(3) prime?
True
Suppose 5 = 5*p - 0*p. Let x = 4 - p. Is x composite?
False
Suppose 2*u + 4*u = 858. Is u prime?
False
Suppose 5*v - 15732 = -2*k, k + 3*k - 31448 = -2*v. Is k composite?
True
Suppose 3*a - 44 = -h, -3*a - 274 = -0*h - 5*h. Is h composite?
False
Suppose 17 = 5*d - 2*p, -3*d + p + p = -7. Let x(n) = n**3 + n + 1. Is x(d) a composite number?
False
Is 888/4 + (0 - -1) prime?
True
Suppose 150 = s - 181. Is s a prime number?
True
Let p(j) = j + 10. Let q be p(-10). Let g be (0/1)/(1 + q). Suppose -2*a - 5*s = -78, 4*a + g*s - s - 200 = 0. Is a prime?
False
Let z(q) = -q + 260. Let f be z(0). Let m = f + -141. Is m composite?
True
Suppose a = -5*l - 135, -646 = 3*a + 2*a - 4*l. Let q = 279 + a. Is q a composite number?
False
Let f(h) = 1409*h**3 - h + 1. Is f(1) a prime number?
True
Let s = -798 + 1537. Is s a composite number?
False
Let n be (29/2)/((-1)/(-2)). Suppose -4*y - n = -129. Is y prime?
False
Suppose 4112 - 12134 = -6*o. Is o prime?
False
Let a = -5 - -6. Let s be 4*(127/4)/a. Suppose 140 = u - q, 3*q + s + 148 = 2*u. Is u prime?
False
Let i(r) be the first derivative of -9*r**2 - r - 1. Let m = -16 + 7. Is i(m) a prime number?
False
Let g = -2792 - -4049. Suppose 0*z = 3*z - g. Is z prime?
True
Let q(p) be the second derivative of -5*p**3/3 + 7*p**2/2 + 3*p. Is q(-6) prime?
True
Let z be 16/(-5)*(-30)/4. Let w(b) = -b**2 - 2*b - 2. Let n be w(-2). Let q = n + z. Is q prime?
False
Let a(q) be the third derivative of 5*q**4/3 + 5*q**3/6 + 7*q**2. Is a(2) composite?
True
Suppose -f - 2*f = -396. Suppose -f = -4*o - 44. Is o a composite number?
True
Suppose 3 = -j + 6. Suppose -q + 10 = 2*c, j*c + q - 11 = 3. Suppose -3*p = -9, -5*y + c*p = -0*y - 793. Is y a prime number?
False
Let h(a) = 32*a**2 - 3*a - 4. Is h(-3) a composite number?
False
Suppose 4*b = -4*a + 136, 2*b - 83 = -0*b + a. Suppose 10 = -0*d - 5*d. Let j = d + b. Is j a prime number?
True
Suppose d = -0*d + 4*l - 26, -94 = 3*d + 4*l. Let q = d - -55. Suppose h - q = -0*h. Is h composite?
True
Suppose 0 = -3*b - 123 + 24. Let r be 8/(-5) + (-4)/10. Let s = r - b. Is s prime?
True
Let n be (-1)/(1/(-10*1)). Let u(j) = 7*j**2 + 3*j - 11. Is u(n) composite?
False
Let q(i) = -11*i**3 + i**2 + 2*i - 1. Is q(-2) a prime number?
False
Let y(g) = 2*g**3 + 3*g**2 - g - 2. Let k be y(-2). Let h(s) = -s**3 - 2*s**2 + 4*s - 5. Is h(k) composite?
False
Let z(c) = c**2 + 5*c - 5. Let o be z(-7). Let v = -6 + o. Is 16 - (-1 - v/(-1)) a prime number?
False
Let b(r) = 10*r - 5. Let n = -1 + 5. Is b(n) a composite number?
True
Suppose 96 - 591 = -5*q. Suppose 2*l + 3*k - q = 0, 7*k = 2*k - 5. Is l composite?
True
Suppose 3*q - 8 = -s - 20, 4*s + 3 = -3*q. Let r be 1*2 + s/3. Suppose -5*d + r + 27 = 0. Is d composite?
True
Suppose -2*c = -5*s + 3, 6*s = 4*s + 2. Let g(t) be the third derivative of 2*t**5/15 - t**4/24 - t**2. Is g(c) a prime number?
True
Suppose -3*r - r = 12, 0 = -5*o - 3*r + 111. Let a = o - -29. Is a a composite number?
False
Let s be (0 - -4)*2/4. Suppose -2*b + 16 = s*b. Suppose 3*x + x + b = 0, 4*j = -2*x + 146. Is j a composite number?
False
Let b(c) = 28*c - 10. Is b(14) a composite number?
True
Let l be 3*1*(-86)/(-6). Let a = 80 - l. Is a a prime number?
True
Let y(x) = x**3 + 10*x**2 - 12*x - 3. Let s be y(-8). Suppose -5*j - s = -2*w, w + 5*j = -2*w + 369. Is w prime?
False
Let c be 76/12 + (-2)/6. Suppose 3*i + 1041 = c*i. Suppose 0 = l - 5*j - 87, 2*l + 3*l - 3*j - i = 0. Is l a prime number?
True
Suppose r = 4 + 2. Let f(b) = 3*b**2 - r*b - 8 + 3*b**2 - 5*b**2. Is f(-7) prime?
True
Is 7458/22 + 0/(-1) composite?
True
Suppose r - 4*s = 4*r - 403, 0 = -5*s + 20. Is r composite?
True
Let c(z) = -z**3 + 9*z**2 + 8*z - 7. Suppose 3*u = -2*j - j + 27, -3*u + 21 = -3*j. Is c(u) composite?
True
Suppose -s = -0*s - 76. Let r = 287 - s. Is r prime?
True
Let c = -22 + 93. Is c a prime number?
True
Let u(p) = -p + 2. Let s(c) be the second derivative of -c**3/6 + c**2/2 - c. Let t(x) = -5*s(x) - u(x). Is t(7) prime?
False
Let k be ((-1)/2)/(4/24). Let j(f) = 11*f**2 - 4*f. Is j(k) a prime number?
False
Suppose -11*p + 18630 = -40561. Is p composite?
False
Let z(s) = s**2 - 2*s + 163. Let j be z(0). Suppose -j = m - 5*m - 5*n, 0 = -3*m + 4*n + 161. Is m prime?
True
Suppose 0 = 2*l + 17 + 579. Is ((-5)/(-10))/((-1)/l) a prime number?
True
Suppose 4*l - 12 = -4. Let s(b) be the first derivative of b**4/4 + 2*b**3/3 - 3*b**2/2 + 3. Is s(l) composite?
True
Is 2228/10 + 1/5 prime?
True
Let w be (2/7)/(1/7). Let d(z) = -z**2 - 2*z**3 + 7*z**w + 4*z + 3*z**3 + 2. Is d(-5) composite?
False
Let p(u) = -3*u**2 + 6*u - 4. Let j be p(4). Suppose 4*s = -5*b - 0*b + 178, 2*b + 98 = 2*s. Let g = s + j. Is g a composite number?
False
Let v be (-2)/(-9) - (-3598)/9. Let z = -269 + v. Is z prime?
True
Let n be 1/(-2) + (-15)/(-6). Suppose 0 = 2*u + 2*k + k - 48, -40 = -n*u - k. Suppose 0 = 2*c - u - 88. Is c a composite number?
False
Let g(h) = -8*h**2 + h. Let o be g(-1). Let j be 2 + 3/o*0. Suppose -t + 217 = -4*c + c, -c = -j*t + 434. Is t composite?
True
Suppose y + 110 = 2*m, 2*m - 6*y = -y + 110. Is m composite?
True
Let t(j) = 27*j - 6. Is t(11) prime?
False
Let g = 1413 + -736. Is g a prime number?
True
Is ((-1986)/8)/(9/(-36)) composite?
True
Let k(m) = m**3 + m**2 - 5. Let w be k(0). Let s(c) = c**2 + 4*c + 4. Is s(w) composite?
True
Suppose -3*u = u - 516. Is u a composite number?
True
Let a(z) = 4*z - 13. Let c be a(9). Suppose 0 = 5*f - 148 + c. Is f a composite number?
True
Suppose -2344 = 7*k - 6887. Is k a composite number?
True
Suppose -6*u + 40 = -4*u. Suppose -2*a = a - 3. Suppose -u = -s - a. Is s a prime number?
True
Let m = 1839 - 1036. Is m prime?
False
Suppose o - 34 = -5*k, -4*o + 8*o - 4*k - 16 = 0. Is (o/6)/(-3)*-526 composite?
False
Let f(u) = -170*u**2 - 3*u - 1. Let i be f(-2). Let b = i - -1186. Is b a composite number?
True
Let j(m) = m**2 + 10*m + 12. Let g be j(-9). Suppose 2*w - 445 = -g*w. Is w a prime number?
True
Let m be ((-12)/1)/3 - -36. Suppose -291 = -5*j + 2*o + m, o = -5*j + 326. Is j prime?
False
Let y = 68 - -81. Is y prime?
True
Let w(l) = l**2 + 6*l + 2. Let z be w(-6). Let a be 1 - (z + -1 - -7). Let x(k) = -k**3 - 6*k**2 + 3*k + 3. Is x(a) prime?
True
Let o = 48 - 31. Let u = 31 - o. Is u prime?
False
Let w(a) = a**3 - 4*a**2 - 4*a + 1. Let s be w(5). Suppose y - s*y = -3*p - 1120, -2*y + 417 = 5*p. Is y composite?
True
Let q(z) = -16*z + 4. Let r(t) = -1. Let y(n) = q(n) + 2*r(n). Let a = -3 + 1. Is y(a) a prime number?
False
Let v = -23 + 136. Is v a prime number?
True
Let q(g) = 486*g**2 + 2*